{"id":177,"date":"2011-08-07T18:48:34","date_gmt":"2011-08-07T18:48:34","guid":{"rendered":"http:\/\/www.borsig11.de\/wordpress\/?page_id=177"},"modified":"2014-05-01T21:14:29","modified_gmt":"2014-05-01T19:14:29","slug":"wohnprojekt","status":"publish","type":"page","link":"https:\/\/www.borsig11.de\/wordpress\/wohnprojekt\/","title":{"rendered":"Wohnprojekt"},"content":{"rendered":"<h3><strong>Du studierst in Dortmund? <\/strong><br \/>\n<strong>Du suchst eine g\u00fcnstige Wohnung?<\/strong><br \/>\n<strong>Du bist kreativ und gesellschaftlich engagiert?<\/strong><\/h3>\n<h3><strong>Willkommen im Wohnprojekt Borsig11!<\/strong><\/h3>\n<p><a title=\"Bewerbung: Cultural Creative Life Studies\" href=\"mailto:studieren@borsig11.de\" target=\"_blank\"><img loading=\"lazy\" decoding=\"async\" class=\"size-full wp-image-207 alignnone\" title=\"studieren_borsig11\" alt=\"\" src=\"https:\/\/www.borsig11.de\/wordpress\/wp-content\/uploads\/2011\/08\/studieren_borsig11.jpg\" width=\"450\" height=\"300\" srcset=\"https:\/\/www.borsig11.de\/wordpress\/wp-content\/uploads\/2011\/08\/studieren_borsig11.jpg 450w, https:\/\/www.borsig11.de\/wordpress\/wp-content\/uploads\/2011\/08\/studieren_borsig11-300x200.jpg 300w\" sizes=\"auto, (max-width: 450px) 100vw, 450px\" \/><\/a><\/p>\n<p>Das <strong>Wohnprojekt Borsig11<\/strong> ist ein F\u00f6rderprogramm f\u00fcr Studenten aller Fachrichtungen und Nationalit\u00e4ten, die sich f\u00fcr Nachhaltigkeit und soziales Engagement interessieren. In Kooperation mit\u00a0\u00a0<a title=\"vivawest\" href=\"http:\/\/www.vivawest.de\/\" target=\"_blank\">Vivawest\u00a0Wohnen GmbH<\/a> und anderen Vermietern in der Dortmunder Nordstadt bietet Machbarschaft Borsig11 studentengerechte Wohnungen am Borsigplatz, einem lebendigen multikulturellen Stadtviertel N\u00e4he Hoeschpark, mit guter Verkehrsanbindung, zu verg\u00fcnstigtem Mietpreis, viel kreativem Gestaltungs-Spielraum in einer offenen Community und eine Infrastruktur zur eigenst\u00e4ndigen Projektentwicklung:<\/p>\n<p>&#8211; Mietverg\u00fcnstigte Studentenwohnung<br \/>\n&#8211; Flatrate <a title=\"B\u00fcro Borsig11 Coworking Space\" href=\"https:\/\/www.borsig11.de\/wordpress\/2011\/07\/buro-borsig11-coworking-space\/\">Coworking Office<\/a><br \/>\n&#8211; Mitnutzung Garten \/ Werkstatt \/ Shop<br \/>\n&#8211; Netzwerk \/ Nachbarschaftshilfe \/ Einkaufsgemeinschaft u.v.m.<\/p>\n<p><strong>Voraussetzung zur Teilnahme:<\/strong><\/p>\n<p>&#8211; Interesse an interkulturellem Austausch, kreativer Stadtentwicklung, gesellschaftlicher Beteiligung oder neuem (fairem) Wirtschaften<br \/>\n&#8211; Kreativer Teamgeist<br \/>\n&#8211; Soziales Engagement<br \/>\n&#8211; Teilnahme an laufenden bzw. Umsetzung eigener Projekte<\/p>\n<p><strong>Jetzt bewerben:\u00a0<a title=\"E-Mail-Bewerbung\" href=\"mailto:studieren@borsig11.de\" target=\"_blank\">studieren(at)borsig11.de<\/a><\/strong><\/p>\n<p>&nbsp;<\/p>\n","protected":false},"excerpt":{"rendered":"<p>Du studierst in Dortmund? Du suchst eine g\u00fcnstige Wohnung? Du bist kreativ und gesellschaftlich engagiert? Willkommen im Wohnprojekt Borsig11! Das Wohnprojekt Borsig11 ist ein F\u00f6rderprogramm f\u00fcr Studenten aller Fachrichtungen und Nationalit\u00e4ten, die sich f\u00fcr Nachhaltigkeit und soziales Engagement interessieren. In Kooperation mit\u00a0\u00a0Vivawest\u00a0Wohnen GmbH und anderen Vermietern in der Dortmunder Nordstadt bietet Machbarschaft Borsig11 studentengerechte Wohnungen &hellip;<\/p>\n","protected":false},"author":10,"featured_media":0,"parent":0,"menu_order":3,"comment_status":"closed","ping_status":"closed","template":"","meta":{"footnotes":""},"class_list":["post-177","page","type-page","status-publish",""],"_links":{"self":[{"href":"https:\/\/www.borsig11.de\/wordpress\/wp-json\/wp\/v2\/pages\/177","targetHints":{"allow":["GET"]}}],"collection":[{"href":"https:\/\/www.borsig11.de\/wordpress\/wp-json\/wp\/v2\/pages"}],"about":[{"href":"https:\/\/www.borsig11.de\/wordpress\/wp-json\/wp\/v2\/types\/page"}],"author":[{"embeddable":true,"href":"https:\/\/www.borsig11.de\/wordpress\/wp-json\/wp\/v2\/users\/10"}],"replies":[{"embeddable":true,"href":"https:\/\/www.borsig11.de\/wordpress\/wp-json\/wp\/v2\/comments?post=177"}],"version-history":[{"count":0,"href":"https:\/\/www.borsig11.de\/wordpress\/wp-json\/wp\/v2\/pages\/177\/revisions"}],"wp:attachment":[{"href":"https:\/\/www.borsig11.de\/wordpress\/wp-json\/wp\/v2\/media?parent=177"}],"curies":[{"name":"wp","href":"https:\/\/api.w.org\/{rel}","templated":true}]}}