{"id":52320,"date":"2019-01-17T11:03:42","date_gmt":"2019-01-17T10:03:42","guid":{"rendered":"http:\/\/www.borsig11.de\/wordpress\/?page_id=52320"},"modified":"2021-11-05T15:00:22","modified_gmt":"2021-11-05T14:00:22","slug":"restlos-gluecklich","status":"publish","type":"page","link":"https:\/\/www.borsig11.de\/wordpress\/restlos-gluecklich\/","title":{"rendered":"Restlos gl\u00fccklich"},"content":{"rendered":"\n<figure class=\"wp-block-image\"><img loading=\"lazy\" decoding=\"async\" width=\"1024\" height=\"726\" src=\"https:\/\/www.borsig11.de\/wordpress\/wp-content\/uploads\/2018\/07\/flyer_restlos1w-1024x726.jpg\" alt=\"\" class=\"wp-image-51883\" srcset=\"https:\/\/www.borsig11.de\/wordpress\/wp-content\/uploads\/2018\/07\/flyer_restlos1w-1024x726.jpg 1024w, https:\/\/www.borsig11.de\/wordpress\/wp-content\/uploads\/2018\/07\/flyer_restlos1w-300x213.jpg 300w, https:\/\/www.borsig11.de\/wordpress\/wp-content\/uploads\/2018\/07\/flyer_restlos1w-768x545.jpg 768w, https:\/\/www.borsig11.de\/wordpress\/wp-content\/uploads\/2018\/07\/flyer_restlos1w-600x426.jpg 600w, https:\/\/www.borsig11.de\/wordpress\/wp-content\/uploads\/2018\/07\/flyer_restlos1w.jpg 1200w\" sizes=\"auto, (max-width: 1024px) 100vw, 1024px\" \/><\/figure>\n\n\n\n<p><strong>Kreative K\u00fcche 103, Oesterholzstra\u00dfe 103, 44145 Dortmund<\/strong><\/p>\n\n\n\n<p class=\"has-very-light-gray-color has-vivid-red-background-color has-text-color has-background\"><strong><strong>Aufgrund der aktuellen Auflagen bitten wir um Verst\u00e4ndnis, dass Givebox und Fairteiler nur eingeschr\u00e4nkt zug\u00e4nglich sind und nur nach Absprache von einzelnen Personen unter Einhaltung der Hygienevorschriften besucht werden k\u00f6nnen. <\/strong><\/strong><\/p>\n\n\n\n<p>Tel.: 0231 33 89 90 23<br>E-Mail: <a rel=\"noreferrer noopener\" href=\"mailto:info@borsig11.de\" target=\"_blank\">info@borsig11.de<\/a><\/p>\n\n\n\n<p>RESTLOS GL\u00dcCKLICH l\u00e4dt zum Foodsharing ein, mit Workshops, Kochshows und Exkursionen f\u00fcr Nachbarn und G\u00e4ste im Chancen-Caf\u00e9 103.<\/p>\n\n\n\n<p><strong>Deine Zutaten + meine Zutaten = ein tolles Men\u00fc!<br>Wer etwas mitbringt, wird kostenlos verk\u00f6stigt.<\/strong><\/p>\n\n\n\n<p>Foodsharing Fairteiler: Mo-Fr, 14-18 Uhr<br>Gemeinsames Kochen und Essen: Di-Do, jew. ab 14:30 Uhr<\/p>\n\n\n\n<p>&#8212;<\/p>\n\n\n\n<p>Jedes Jahr landen in Deutschland 11 Millionen Tonnen Lebensmittel im M\u00fcll, bei der Erzeugung und Verarbeitung, bei Gro\u00dfverbrauchern, im Handel und in Privathaushalten. Im globalen Ma\u00dfstab f\u00fchrt das zu gravierenden \u00f6kologischen und \u00f6konomischen Problemen. Der L\u00f6sungsansatz ist lokal, denn es liegt am Bewusstsein und Verhalten jedes einzelnen Verbrauchers, etwas zu ver\u00e4ndern.<\/p>\n\n\n\n<p>Verschwenderisches Konsumverhalten ist unn\u00f6tig, denn es gibt attraktive Alternativen: Im Borsigplatz-Quartier kultiviert das Projekt RESTLOS GL\u00dcCKLICH einen achtsamen Umgang mit Lebensmitteln. Wir verwerten, was scheinbar \u00fcberfl\u00fcssig ist. Beim gemeinsamen Kochen und Essen zeigt sich, wie viel sich aus wenig machen l\u00e4sst, wenn jeder etwas dazu beitr\u00e4gt.<\/p>\n\n\n\n<p>Der Fairteiler in der 103 mit K\u00fchlschrank ist Mo-Fr von 14-18 Uhr ge\u00f6ffnet. Bef\u00fcllt wird er meistens Mittwochs und steht allen zur Verf\u00fcgung, solange der Vorrat reicht. Aktuelle Infos: <a href=\"http:\/\/www.facebook.com\/ChancenRaum103\/\">www.facebook.com\/ChancenRaum103\/<\/a>. Di-Do ab 14 Uhr wird gemeinsam gekocht und gegessen. Kreative K\u00f6ch*innen, die mit uns aus dem was da ist etwas tolles zaubern wollen, sind herzlich willkommen. Einfache und originelle Rezepte gesucht!<\/p>\n\n\n\n<p>Einmal im Monat findet ein veganes Dinner in Kooperation mit Vegan Foodsavers Dortmund statt. In regelm\u00e4\u00dfigen Kochshows demonstrieren wir dar\u00fcber hinaus, wie saisonale und regionale Zutaten aus Spenden zu einfachen und wohlschmeckenden Gerichten verarbeitet werden k\u00f6nnen. Workshops vermitteln Kenntnisse \u00fcber gesunde und nachhaltige Ern\u00e4hrung. Sich hieran zu beteiligen, ist nicht nur sinnvoll, sondern macht vor allem Freude. Also: nicht vergammeln, sondern sammeln!<\/p>\n\n\n\n<p><strong>Willst du Lebensmittel spenden, Rezepte beitragen, selbst mit kochen oder einfach mal probieren? Dann bist du herzlich willkommen in der kreativen K\u00fcche 103.<\/strong><\/p>\n\n\n\n<p>&#8212;<\/p>\n\n\n\n<p>RESTLOS GL\u00dcCKLICH ist ein Projekt von Machbarschaft Borsig11 e.V. \/ 103 \/ Tante Albert, gef\u00f6rdert durch den Fonds Nachhaltigkeitskultur des Rates f\u00fcr nachhaltige Entwicklung, realisiert mit den Chancen der Bewohner des Borsigplatz-Quartiers.<\/p>\n\n\n\n<figure class=\"wp-block-image\"><img decoding=\"async\" src=\"https:\/\/www.borsig11.de\/wordpress\/wp-content\/uploads\/2018\/07\/RNE_NFonds_Signet_gefoerdert_S_rgb-300x223.png\" alt=\"\" class=\"wp-image-51884\"\/><\/figure>\n\n\n\n<p><\/p>\n","protected":false},"excerpt":{"rendered":"<p>Kreative K\u00fcche 103, Oesterholzstra\u00dfe 103, 44145 Dortmund Aufgrund der aktuellen Auflagen bitten wir um Verst\u00e4ndnis, dass Givebox und Fairteiler nur eingeschr\u00e4nkt zug\u00e4nglich sind und nur nach Absprache von einzelnen Personen unter Einhaltung der Hygienevorschriften besucht werden k\u00f6nnen. Tel.: 0231 33 89 90 23E-Mail: info@borsig11.de RESTLOS GL\u00dcCKLICH l\u00e4dt zum Foodsharing ein, mit Workshops, Kochshows und Exkursionen &hellip;<\/p>\n","protected":false},"author":10,"featured_media":51886,"parent":0,"menu_order":0,"comment_status":"closed","ping_status":"closed","template":"","meta":{"footnotes":""},"class_list":["post-52320","page","type-page","status-publish","has-post-thumbnail",""],"_links":{"self":[{"href":"https:\/\/www.borsig11.de\/wordpress\/wp-json\/wp\/v2\/pages\/52320","targetHints":{"allow":["GET"]}}],"collection":[{"href":"https:\/\/www.borsig11.de\/wordpress\/wp-json\/wp\/v2\/pages"}],"about":[{"href":"https:\/\/www.borsig11.de\/wordpress\/wp-json\/wp\/v2\/types\/page"}],"author":[{"embeddable":true,"href":"https:\/\/www.borsig11.de\/wordpress\/wp-json\/wp\/v2\/users\/10"}],"replies":[{"embeddable":true,"href":"https:\/\/www.borsig11.de\/wordpress\/wp-json\/wp\/v2\/comments?post=52320"}],"version-history":[{"count":1,"href":"https:\/\/www.borsig11.de\/wordpress\/wp-json\/wp\/v2\/pages\/52320\/revisions"}],"predecessor-version":[{"id":54453,"href":"https:\/\/www.borsig11.de\/wordpress\/wp-json\/wp\/v2\/pages\/52320\/revisions\/54453"}],"wp:featuredmedia":[{"embeddable":true,"href":"https:\/\/www.borsig11.de\/wordpress\/wp-json\/wp\/v2\/media\/51886"}],"wp:attachment":[{"href":"https:\/\/www.borsig11.de\/wordpress\/wp-json\/wp\/v2\/media?parent=52320"}],"curies":[{"name":"wp","href":"https:\/\/api.w.org\/{rel}","templated":true}]}}